 = -3*t + 5. Let c be a(-3). Suppose -121 - c = -3*n. What is the units digit of n?
5
Let k(b) = b**2 + 25*b + 17. What is the units digit of k(-25)?
7
Suppose y + 10 = 28. Let f(l) = 9*l - 60. What is the hundreds digit of f(y)?
1
Let t = -173 - -123. Let f be (1/1)/((-1)/15). Let k = f - t. What is the units digit of k?
5
Let q be (170/(-25))/((-2)/5). Let x = -13 + q. Suppose m + 0 = x. What is the units digit of m?
4
Suppose 2*f - 3 = 3. Suppose 0 = f*p + 2*p - 260. Suppose -t = 3*t - p. What is the tens digit of t?
1
Let p be 45/3 + -3 - 4. Suppose -3*g + p*g + 4*d - 346 = 0, -d = g - 69. What is the units digit of g?
0
Suppose 0 = -4*u + 24. Suppose u*m = -0*m - 198. Let f = -31 - m. What is the units digit of f?
2
Let b(l) be the first derivative of -5*l**4/24 - 5*l**3/3 - 7*l**2/2 + 10. Let d(s) be the second derivative of b(s). What is the units digit of d(-4)?
0
Suppose 2*q + 11 = -3. Let x be 1589/49 + 3/q. What is the tens digit of -3 + -1 + x*1?
2
Let p be (-42)/28*((-640)/4)/(-4). Let x be -27*(16/6 - 2). Let r = x - p. What is the tens digit of r?
4
Let a = -2 - -4. Suppose 0 = 2*k - 2*h - h - 132, -136 = -a*k + 4*h. What is the units digit of k?
0
Let x = 26 - 7. Let i(m) = 4*m - 36. What is the tens digit of i(x)?
4
Suppose 3398 = 5*z - 392. What is the hundreds digit of z?
7
Let m(d) = -d**2 - 2*d + 6. Let z = 13 + -16. Let o be m(z). Let p(s) = 2*s**3 - 3*s**2 - 3*s - 3. What is the tens digit of p(o)?
1
Let n be (9 + -2)*5*1. What is the tens digit of (-834)/(-14) + (-20)/n?
5
Let p = 1 + -3. What is the units digit of 408/32 - p/8?
3
Suppose 4*w = 6*w + 90. What is the units digit of 21*(w/(-21) + -1)*6?
4
Let k(i) = -3*i + 49. Let f be k(15). What is the tens digit of 14/f*17/(833/168)?
1
Suppose -15*x + 86 = -79. Suppose -4*u = -349 - x. What is the units digit of u?
0
Let j(f) = 7*f**3 - f**2 + 1. Let s be j(1). Suppose s*v = 4*v - 9. What is the tens digit of 3/1 + (4 - v)?
1
Suppose -6*h = 17 + 7. Let u(l) = 12*l**2 + l - 9. What is the units digit of u(h)?
9
Suppose -5*j - 42 = -4*f + 121, -15 = 5*j. Suppose g + 9 = f. What is the units digit of g?
8
Suppose 0*x = x + 4, 0 = 2*q + x. Suppose 4*c - r - 240 = 0, q*c + 2*r - 252 = -2*c. What is the tens digit of c?
6
Let b(q) = q**3 + q**2 - q + 1. Let o be b(1). Suppose 0 = 5*u - 25, -o*s + u + 1 = -0. What is the units digit of s?
3
Let z = 2317 - 1588. What is the hundreds digit of z?
7
What is the units digit of (180/(-40))/((-1421)/710 - -2)?
5
Let j = -15 + 18. Suppose 0 = -2*y + 2, 5*y - 337 = -5*q + j*y. What is the tens digit of q?
6
Suppose 0 = -4*d + 4*w + 8, 14 = 5*d - 2*w + w. Let k be -2*d*2/(-4). Let g(j) = 6*j + 3. What is the tens digit of g(k)?
2
Suppose -24*m + 410 = -23*m. What is the hundreds digit of m?
4
Let q be (-5)/(-2) - (-2)/(-4). Let j be (q - 1) + (-4)/2. Let p(s) = -7*s**3 + s**2. What is the units digit of p(j)?
8
What is the tens digit of ((-105)/6 - -7)*(-216)/4?
6
Let a(b) = -297*b**3 - 3*b**2 - b + 2. Let o be a(-1). What is the tens digit of (-7 - o/15)/((-2)/10)?
3
Suppose 2*m = o - 15 - 52, -m - 353 = -5*o. What is the tens digit of o?
7
Suppose -2*a - 2*a = -5*n + 6075, 3*n + 3*a = 3618. What is the thousands digit of n?
1
What is the units digit of (14685/35 - -7)*7?
6
Let m(k) be the second derivative of k**5/20 + 3*k**4/4 + 5*k**3/3 - 5*k**2 + k. Let o be m(-7). Suppose -13*f = -o*f + 230. What is the units digit of f?
6
Suppose 25*f - 24*f - 6968 = -2*l, 5*l + 2*f = 17418. What is the tens digit of l?
8
Let a(k) = -k**3 - 12*k**2 - 12*k - 9. Let x be a(-11). Suppose -4*d = x*f - 424, 4*d - 8*f + 4*f = 424. What is the tens digit of d?
0
Let n(c) = 87*c + 379. What is the tens digit of n(20)?
1
Suppose 3*v - 3 = -2*b - 1, -4*b = 8. Suppose -3*p + 4*x + 82 = 0, -5*p + v*x + 0*x + 146 = 0. What is the tens digit of p?
3
What is the units digit of (8 - -2 - 11)/((-1)/955)?
5
What is the tens digit of (-19)/(-57) + 3400/6?
6
Let x be (-5)/5 + 1 - (-4 - -1). Suppose 3 = c - 2. Suppose -c*a = -x*r + 53, a - 50 = -3*r + 3*a. What is the tens digit of r?
1
Suppose 0 = -5*f + 4*d + 6, -5*d = -f + 3*f - 9. Let c = f + -2. Suppose -20*q + 22*q - 10 = c. What is the units digit of q?
5
Suppose -7*f + 1499 = -2715. What is the hundreds digit of f?
6
Suppose 2*t - 240 - 2108 = -2*f, -2*f + 2340 = -2*t. What is the thousands digit of f?
1
Suppose -55*y + 17*y + 59470 = 0. What is the thousands digit of y?
1
Let p be 35*(-3)/(45/(-12)). Suppose 0 = -0*i - 2*i + p. Suppose -n - 3*z = -6 - i, 2*n + z = 25. What is the tens digit of n?
1
Suppose -21*l + 6090 = -7*l. What is the tens digit of l?
3
Let s(c) = 9*c + 2. Suppose 5*m + 0*m - 4*q = -98, -14 = m + 2*q. Let u be 18/(-81)*m/2. What is the units digit of s(u)?
0
Suppose x - 3 = 1. Let k(i) = i - x + 5*i**2 + 2*i + 6 - i. What is the units digit of k(-1)?
5
Let f(z) = 127*z**2 - 30*z + 98. What is the units digit of f(3)?
1
Suppose 23*s - 16*s = 6825. What is the hundreds digit of s?
9
What is the hundreds digit of 12/2 + 29 + 311?
3
Let p = -1712 + 1817. What is the hundreds digit of p?
1
Let a = 17 - 7. Suppose -a*n + 108 = -6*n. Suppose 2*z + 5 = n. What is the tens digit of z?
1
Let u = 78 + 933. What is the thousands digit of u?
1
Suppose -4*c = -5*c + 3. Suppose c*r - 114 = 66. What is the tens digit of r?
6
Suppose -425*j + 421*j + 10828 = 0. What is the units digit of j?
7
Suppose 0 = -4*z + 384 + 228. Let j = -90 + z. What is the units digit of j?
3
Let r be -3 - (-5)/((-15)/(-12)). Suppose u - 16 = -5*f - 0*u, -f + r = -2*u. Let d = f + 29. What is the tens digit of d?
3
Suppose 0*u + u = -5*p - 20, 0 = 5*u + 4*p + 16. Suppose 5*l - 4*l - 62 = u. What is the units digit of l?
2
Let h be 44/154 + 753*(-4)/(-42). Suppose -h = -s - 18. What is the tens digit of s?
5
Let d(b) = b**2 + 7*b + 7. Let m be d(-7). Let w(v) = v**3 - 6*v**2 - 5*v - 6. What is the units digit of w(m)?
8
Suppose -f + 4 = 4*z, -4*f + 0*f + 16 = 4*z. Suppose 4*w + 3*i - 77 = 0, f*w - 5*i = 2*w + 19. What is the tens digit of w?
1
Suppose -2*f + 3*k + 422 = 0, -5*f + f = -4*k - 836. What is the hundreds digit of f?
2
Let v(h) = 3*h**2 + 49*h - 3. What is the hundreds digit of v(-26)?
7
Let f = -2424 - -3461. What is the hundreds digit of f?
0
Let c(k) = 79 - 2*k + 5*k**2 + 3*k**2 - k**3 - 82 + 3*k. Let g(v) = -v**2 - 9*v - 6. Let o be g(-7). What is the units digit of c(o)?
5
Let n be 1412/10 - 5/25. Suppose -3*z + 0*z = -n. What is the tens digit of z?
4
Suppose -3*u + 3*c = -198, 0 = -3*u + 2*u + 3*c + 62. Let w = u + -48. What is the units digit of w?
0
Suppose -10 = -4*i - 2*v, 4 = 3*v + 7. Suppose 2*r + o = -3*o - 40, 3*r = i*o - 15. Let g = 47 + r. What is the units digit of g?
7
Suppose r + 96 = 5*r. Suppose 3*k + 31 = 4*o, 1 + r = 4*o - 5*k. Let f = o - -10. What is the units digit of f?
0
Suppose -335 = -4*d - 63. Let a = 139 - d. What is the units digit of a?
1
Suppose -6*v + 9*v + 6 = 0, 4*c + 2*v - 432 = 0. What is the hundreds digit of c?
1
Let x(s) = s**2 - 18*s + 126. What is the hundreds digit of x(33)?
6
Suppose -7*v + 2 = -6*v. Suppose -2*a + 8 + v = 0. Let z = -4 + a. What is the units digit of z?
1
Let c = -2132 - -2988. What is the hundreds digit of c?
8
Let q(h) = 14*h + 1. Let x be q(1). Suppose 0 = -5*j + 10*j - 10. Suppose 5*l - x = -b, -5*b + j*l + 3*l + 45 = 0. What is the tens digit of b?
1
Let j(g) be the first derivative of -12*g + g + g - g**2 - 7. What is the units digit of j(-7)?
4
Let w(k) = -2*k - 8 + 4*k - 3*k + 28. Let l be w(14). Suppose -5*v + 7 = p - 14, 3*p - 4*v - l = 0. What is the units digit of p?
6
What is the units digit of ((-14)/5 - -2)*-120?
6
Let i = -273 - -448. Let s = -123 + i. What is the tens digit of s?
5
Let m(i) be the second derivative of i**4/6 + i**3/2 + i**2/2 + 36*i. Let c be (0 - 3)/((-6)/(-4)). What is the units digit of m(c)?
3
Let i(a) = -2*a**2 + 518 + 5*a + 5*a**2 - 510. Suppose -b + 4*h - 12 = 13, 0 = 5*b + 2*h + 15. What is the tens digit of i(b)?
5
Let z be (-10 + 9)/((-4)/(-16)). Let f(m) = -4 + 2*m + 0*m**3 + m - m**3 - m**2. What is the tens digit of f(z)?
3
Suppose 2*m + 9 - 24 = 3*l, -19 = -3*m + l. Let y be 25/(-10)*m/(-5). What is the units digit of -1 + (-4)/(-4)*y?
2
Suppose -3*o - 3*d - 9 = 0, 5*o - 9 = 2*d + d. Suppose -3*f - 